 + -2 - (21 - (-4 + 16)).
0
What is 6 + (9 - 25) + 10 + (48 - -8)?
56
Evaluate 8 + -2 + (19 - (21 + 0)) + 38.
42
Evaluate (-31 - -48 - (-2 - -30)) + -3.
-14
Calculate (-13 - -13) + -4 + 119 - 22.
93
Calculate 34 + (38 + -32 - -19) + (17 - 0).
76
Calculate (-189 - -59) + 76 + 16 + 0.
-38
Calculate -121 + (-34 + 73 - (37 + 9)).
-128
Calculate 40 + (-17 + -4 - (76 - 116)).
59
What is the value of (21 - 9 - 12) + 6 + 7 + -66?
-53
What is the value of (6 - 3 - -13) + -16 - 12 - -9?
-3
158 - 128 - (-2 + -5 - 9)
46
Calculate (-2 - (24 - 14 - 23 - (-12 + -1))) + 22.
20
Evaluate (1 - (22 - (3 + -1))) + -1506 + 1626.
101
What is the value of (-2 - (0 - 2)) + 50 - (2726 + -2714)?
38
Evaluate -6 + 19 + -27 + -19 + 31.
-2
What is -16 - -39 - (-19 - (21 - 21))?
42
Evaluate (-5 - (-8 + -14) - (10 + -4)) + -15 + 26.
22
What is the value of (3 - (-6 + (-41 - (-2 - -4)))) + (-410 - -400)?
42
What is -137 + (5 + -10 - (85 - 81)) + (-7 - -5)?
-148
Calculate 21 + 22 - -88 - 84.
47
Evaluate 39 - (272 + -273 - (-5 - 0)).
35
What is (-22 - -1) + (-3133 - -3111)?
-43
(48 - 16) + -21 - (2 - (-1 - -7) - -4)
11
What is -3 + (19 - -1) + (0 + -20 - (205 - 221))?
13
What is 61 + -33 + 2 + (1 - -1)?
32
Evaluate 19 + -10 + 5 + 15 + -10 + -12.
7
-4 + (11 - 22) + 61 + 0 + 0
46
What is the value of -27 + (93 - 22) + -47?
-3
15 - 37 - -3 - (-70 + 19)
32
Evaluate 43 + (-2 - -3 - 2) - (-107 + 38 + 67).
44
What is (7 - (3 + 1 + 2 + 1)) + 12?
12
Evaluate (-52 - -50) + 17 - 106.
-91
What is the value of 42 + -61 + 31 + 19?
31
Calculate (-8 - 5) + (113 - 53) + 15.
62
What is -13 - (-39 - (52 + -16) - (-11 + -1))?
50
Evaluate 10 + (97 - 103 - (-1 - 20) - -15).
40
What is the value of -71 - (5 + -1 - (201 + -188)) - -4?
-58
What is the value of 89 + 9 - (-36 + 40 - -23)?
71
What is the value of -105 + (74 - 35 - (96 + -32))?
-130
What is -7 + (38 - 10) + 5 + -11 + -9?
6
Calculate (-4 + 2 - (44 - 2)) + -820 + 811 - -1.
-52
Calculate (11 - (30 - 23)) + 2 + -1 - (26 + -1).
-20
Evaluate (-6 - -35 - 30) + -78.
-79
Calculate 12 - -7 - ((-17 - -26) + 0 + -12).
22
Evaluate -89 - (-16 + (9 - (19 - 1))).
-64
Evaluate -14 + 1 + (9543 - 9443).
87
Calculate -10 - (-12 + 0 + -52 + (36 - 26 - 23)).
67
What is the value of 62 + -30 + -21 - -40?
51
What is the value of (4 - (-9 + 6)) + (-5 - 9) + -2 + -30?
-39
What is (27 + -16 + -20 + -2 - (-14 + 0)) + 65?
68
Evaluate 21 - (7 - (22 - (28 - -15))).
-7
What is the value of (1008 - 1000) + 1 + (-54 - 2) - (-4 - -8)?
-51
What is the value of -39 - (-43 + (-5 - -14)) - (-58 - 1)?
54
Evaluate 31 + (-4 + 11 - ((-22 - -10) + 12)).
38
What is the value of (66 + (18 - -5) - -6) + (-3 - -17)?
109
(4 - (9 + (-4 - -6))) + 25 + -4 + 19
33
Evaluate -6 + 22 + 2 + -16 + (3 - 6 - -18).
17
What is -21 + -58 + 168 + -32?
57
What is the value of -1 + 22 + (50 - 82 - -78)?
67
Calculate (-13 + 2 - 2) + (-2973 - -2927).
-59
-2 - -22 - ((-10 - -14) + 0 + 3)
13
Calculate 4 + 2 + 4 + 18 + -38 + (-47 - 2).
-59
What is the value of ((38 - 36) + 26 - 33) + -74 + 1?
-78
40 + (31 + -3 - 74)
-6
What is the value of -59 + 1 + 5 + (-8 - -3) + -35 + 42?
-51
What is the value of (67 - 45) + (18 - -59) - (-3 - -21)?
81
Calculate -22 + (18 - -27 - 20) + 23.
26
Calculate -53 - 1 - (-46 + -31 + 64).
-41
Calculate -53 - (-24 + 38 + -40).
-27
What is (31 - 74) + 32 - (-55 + 1) - 8?
35
Evaluate (-25 + 10 + -16 - -14) + -10.
-27
Calculate -8 - ((1 - -9) + (-150 - (29 - 32)) + 33).
96
What is (33 - (-10 - (25 + -57))) + (93 - (1 + -1))?
104
Evaluate 24 + (77 - (44 - (29 + -17))).
69
(9 + 18 - -11) + -151 + 0
-113
What is 91 - 0 - (-2 + -9 - -1 - -24)?
77
-1 + (-6 - -4) + (37 + -17 - (40 + 27))
-50
Calculate 0 + 17 - (-72 + 56) - (-3 - -6 - 4).
34
(-5 - -13 - -1) + (45 + -38 - -9)
25
442 + -427 + (-1 + 0 - -7)
21
8 - (2 - (-5 - (-15 + (-16 - -10 - -16))))
6
What is the value of -1 - -1 - (-1 - (20 - 4) - 15)?
32
Calculate 0 + 46 + -3078 + 3052.
20
What is the value of -29 - (3 + 11) - -63?
20
What is (5 - 59 - -78) + (-7 + 10 - -77)?
104
What is 4 + 44 + (-636 - -702) + 1?
115
What is the value of -1 - -244 - (-414 + 540)?
117
Evaluate (-17 - (-5 + 1)) + (-69 - -89).
7
Evaluate -87 - (-2 + 3) - (-5 + 7) - (-795 + 785).
-80
What is the value of (-28 - -1 - (677 - 686)) + -20 + 1?
-37
What is (2 + 2 - 0) + -2 + (722 - 648)?
76
What is the value of (9435 - 9454) + -25 + 1?
-43
What is the value of -1269 + 1240 + -2 + -2 + 17?
-16
Evaluate (0 + (-3 - 13) - (114 + -134)) + (-32 - -1).
-27
What is -33 - 4 - (8 - 7 - (37 - 50))?
-51
What is the value of 112 + (94 - 151 - 58) + (100 - (0 + 0))?
97
What is 8 + 2 - (-27 + (-49 - -54))?
32
Evaluate 17 + -1 + 33 + 4.
53
Calculate -23 - (-12 + (-13 + -25 - -13)).
14
What is -3 + 24 + -44 + 32?
9
What is 94 + -88 + (-26 - -4 - 3)?
-19
What is the value of (-9 - 0) + -66 + 70 - 25 - -12?
-18
(1 - (1 + 2)) + (-161 - -445) + -290
-8
What is 0 + -8 + (18 - 35 - 3) - (-4 + 1)?
-25
5 + -1 + (-400 + 403 - (0 - -24))
-17
Evaluate -35 + 31 + -3 + -3 + 2 + -47 + 0.
-55
-31 + 131 + -18 + -15
67
Evaluate 23 + -7 + 6 + -84 - (-4 - 1).
-57
Evaluate 273 + -339 - (-7 - (5 + (-14 - -5))).
-63
What is 51 - 66 - (-3 + -1 - (-1 + 10))?
-2
Calculate -80 + (-69 - -81) + -2 + 3.
-67
What is the value of 35 + (-30 - 18) + 13 + 12 + 0 + -2?
10
What is -23 + 3 + 19 + 44?
43
Evaluate 8 + 37 + 6 - (3 - -13).
35
What is the value of 3 - (-2 + 2) - (-3 + (-17 - -42))?
-19
Calculate (0 - -13) + (-85 - -41) + -66.
-97
Evaluate (-1 - -16) + -57 + 53 - 3.
8
What is 43 + -26 + (-109 - -42)?
-50
Calculate -367 + 373 + 4 + -30.
-20
What is the value of (-11 + -1 - ((1 - -21) + -37)) + 0 + -45?
-42
Evaluate -12 + 18 - -1 - (-13 + (1 - -1)).
18
Calculate 1 - 57 - (2 + 5) - (20 - 30).
-53
What is the value of (2 - 50) + (2225 - 2166)?
11
Calculate 57 - ((59 - 27) + 2 + -60).
83
What is the value of -2 - -21 - (129 + -120) - -10?
20
What is the value of (-7 - -12 - ((15 - 7) + -117)) + (-42 - -29)?
101
Calculate 53 + -71 + -23 - 9.
-50
Evaluate (-25 - (13 + -25)) + 7 + 86 + -5.
75
Calculate -8 + 3 - ((53 - 17) + -15).
-26
(192 + -132 - (-2 + 3 + 2)) + (1 - 2)
56
-84 - (112 + -75 + -16)
-105
What is 4 - (19 - 3) - (-34 - (62 - -10))?
94
Evaluate -14 - (-40 - -21) - (-3 + (-16 - -8 - 17)).
33
Evaluate (-23 - -31) + -3 + -5 + 2.
2
Calculate -51 - (61 + (43 - 104)).
-51
What is the value of (36 - (26 - -20)) + 28 + -57?
-39
Evaluate -16 + 3 + (-2 - (-36 + 9 - -18)).
-6
What is -14 - (-5 - 8 - (271 - 258 - (1 - -49)))?
-38
Calculate (-27 - (-27 + -31)) + -15 + -133 + 0.
-117
(-1 + -11 - 13) + 14 - (-43 - 3 - 0)
35
What is the value of -8 + (8 - -6) + -17 + -5?
-16
What is (-1751 - -1735) + (17 - -2)?
3
What is -10 + 2 + -1 + (119 - 91) + -12?
7
What is (-48 + -52 - -47) + 66?
13
Calculate (13 - 5) + -19 + 19 - (-111 - -19).
100
What is -22 - (148 - 132 - (27 - -3))?
-8
Evaluate 1 + -26 + (-3664 - -3709).
20
Calculate -10 - -11 - (15 - 10 - (5 - (-6 + 4))).
3
-22 + (-1 + -19 - (-476 + 470))
-36
Evaluate (27 - (-10 + 22) - (-19 - (-95 - 19))) + -2.
-82
What is (-37 + 21 - -38) + (5 - -1)?
28
What is the value of (14 - 183) + 187 + -51 + -1?
-34
Calculate 104 + 59 + -131 + 92.
124
Evaluate 65 - (6 - (8 + (-3 - (-1 + 11)))).
54
What is -40 - (8 + -19) - -18 - ((3 - -7) + 4)?
-25
What is the value of 41 - (25 - (-22 - -40) - (1 + -1 - -17))?
51
What is the value of 27 - 40 - (66 + -58)?
-21
Evaluate -39 - 1 - (-9 - (111 - 117)).
-37
What is 105 + (105 - 107) + 0 + (-1 - 2) + 0?
100
Calculate 3 + 36 - (46 - 68 - -17).
44
Calculate 37 + -1 + (-2 - -4) + (1559 - 1546).
51
-59 - (75 + -5 + -63)
-66
Calculate 10 - (23 - 29 - (9 + 1 + -53)).
-27
What is (13 - (13 + -9) - -91) + (-13 - (-11 - 3))?
101
Evaluate 4 + 3 - (68 + -20 + 5 + (-7 - 1)).
-38
(8 - (-6 + 15)) + -5 - (-2 + (-98 - -14))
80
(-3 - (-4 - -11)) + 0 + 4 + 37
31
What is the value of 9 + -2 - (((-10 - 10) + 15 - 2) + 91)?
-77
Evaluate 124 - ((20 - -219) + -146).
31
Calculate -6 - ((41 - 4 - 5 - 0) + -80 + 69).
-27
What is 13 + 9 + -31 + 11 + -13 - (2 + 23)?
-36
What is the value of (-133 - -147) + -2 + -31 - -13 - (-1 + -8)?
3
2 + -67 + 1647 + -1464
118
Calculate (74 - -13) + -37 + 31.
81
54 + (-10 - (0 + 1 + 10 - (-238 - -252)))
47
Evaluate 0 + -14 + ((-11 - -25) + 19 - 46).
-27
2 - (59 + -1 + 20 + -20 + -29 + 41)
-68
-917 - -897 - (-1 - 38)
19
Calcul